{"id":1589,"date":"2024-10-23T05:47:08","date_gmt":"2024-10-23T05:47:08","guid":{"rendered":"https:\/\/champalameule.com\/?page_id=1589"},"modified":"2025-05-08T16:21:48","modified_gmt":"2025-05-08T16:21:48","slug":"recettes","status":"publish","type":"page","link":"https:\/\/siteweb.mbmarketing.ca\/champalameule\/recettes\/","title":{"rendered":"Recettes"},"content":{"rendered":"\t\t<div data-elementor-type=\"wp-page\" data-elementor-id=\"1589\" class=\"elementor elementor-1589\" data-elementor-post-type=\"page\">\n\t\t\t\t<div class=\"elementor-element elementor-element-dcebdd4 e-con-full e-flex e-con e-parent\" data-id=\"dcebdd4\" data-element_type=\"container\" data-e-type=\"container\" data-settings=\"{&quot;background_background&quot;:&quot;classic&quot;}\">\n\t\t\t\t<div class=\"elementor-element elementor-element-06a5c69 elementor-widget elementor-widget-heading\" data-id=\"06a5c69\" data-element_type=\"widget\" data-e-type=\"widget\" data-widget_type=\"heading.default\">\n\t\t\t\t<div class=\"elementor-widget-container\">\n\t\t\t\t\t<h1 class=\"elementor-heading-title elementor-size-default\">Notre collection de recettes<\/h1>\t\t\t\t<\/div>\n\t\t\t\t<\/div>\n\t\t\t\t<\/div>\n\t\t<div class=\"elementor-element elementor-element-a8659a7 e-flex e-con-boxed e-con e-parent\" data-id=\"a8659a7\" data-element_type=\"container\" data-e-type=\"container\" data-settings=\"{&quot;background_background&quot;:&quot;classic&quot;}\">\n\t\t\t\t\t<div class=\"e-con-inner\">\n\t\t\t\t<div class=\"elementor-element elementor-element-a203d33 elementor-widget__width-inherit elementor-grid-3 elementor-grid-tablet-2 elementor-grid-mobile-1 elementor-widget elementor-widget-loop-grid\" data-id=\"a203d33\" data-element_type=\"widget\" data-e-type=\"widget\" data-settings=\"{&quot;template_id&quot;:&quot;2062&quot;,&quot;_skin&quot;:&quot;post&quot;,&quot;columns&quot;:&quot;3&quot;,&quot;columns_tablet&quot;:&quot;2&quot;,&quot;columns_mobile&quot;:&quot;1&quot;,&quot;edit_handle_selector&quot;:&quot;[data-elementor-type=\\&quot;loop-item\\&quot;]&quot;,&quot;row_gap&quot;:{&quot;unit&quot;:&quot;px&quot;,&quot;size&quot;:&quot;&quot;,&quot;sizes&quot;:[]},&quot;row_gap_tablet&quot;:{&quot;unit&quot;:&quot;px&quot;,&quot;size&quot;:&quot;&quot;,&quot;sizes&quot;:[]},&quot;row_gap_mobile&quot;:{&quot;unit&quot;:&quot;px&quot;,&quot;size&quot;:&quot;&quot;,&quot;sizes&quot;:[]}}\" data-widget_type=\"loop-grid.post\">\n\t\t\t\t<div class=\"elementor-widget-container\">\n\t\t\t\t\t\t\t<div class=\"elementor-loop-container elementor-grid\" role=\"list\">\n\t\t<style id=\"loop-2062\">.elementor-2062 .elementor-element.elementor-element-749c153{--display:flex;--flex-direction:column;--container-widget-width:calc( ( 1 - var( --container-widget-flex-grow ) ) * 100% );--container-widget-height:initial;--container-widget-flex-grow:0;--container-widget-align-self:initial;--flex-wrap-mobile:wrap;--align-items:center;--gap:0px 0px;--row-gap:0px;--column-gap:0px;--border-radius:10px 10px 10px 10px;box-shadow:1px 1px 5px 0px rgba(0,0,0,0.5);--padding-top:10px;--padding-bottom:30px;--padding-left:30px;--padding-right:30px;}.elementor-2062 .elementor-element.elementor-element-749c153:hover{box-shadow:3px 3px 5px 0px rgba(0,0,0,0.5);}.elementor-2062 .elementor-element.elementor-element-4686dbc{--display:flex;--flex-direction:row;--container-widget-width:calc( ( 1 - var( --container-widget-flex-grow ) ) * 100% );--container-widget-height:100%;--container-widget-flex-grow:1;--container-widget-align-self:stretch;--flex-wrap-mobile:wrap;--align-items:center;}.elementor-2062 .elementor-element.elementor-element-92cb9d9{width:100%;max-width:100%;}.elementor-2062 .elementor-element.elementor-element-35e3050{--display:flex;--justify-content:center;--gap:5px 5px;--row-gap:5px;--column-gap:5px;}.elementor-2062 .elementor-element.elementor-element-2be1617{text-align:start;}<\/style>\t\t<div data-elementor-type=\"loop-item\" data-elementor-id=\"2062\" class=\"elementor elementor-2062 e-loop-item e-loop-item-2448 post-2448 recette type-recette status-publish has-post-thumbnail hentry\" data-elementor-post-type=\"elementor_library\" data-custom-edit-handle=\"1\">\n\t\t\t<a class=\"eael-wrapper-link-749c153 --eael-wrapper-link-tag\" href=\"https:\/\/www.recettesdici.com\/fr\/recettes\/categorie-de-plat\/plats-principaux\/tartiflette-de-pommes-de-terre-rattes-aux-lardons-et-au-victor-et-berthold-flanc-de-porc-braise-au-cidre-de-pomme-chemin-du-minot-puree-de-panais-au\" target=\"_blank\" rel=\"noopener\"><\/a><div data-eael-wrapper-link=\"eael-wrapper-link-749c153\" class=\"elementor-element elementor-element-749c153 e-flex e-con-boxed e-con e-parent\" data-id=\"749c153\" data-element_type=\"container\" data-e-type=\"container\">\n\t\t\t\t\t<div class=\"e-con-inner\">\n\t\t<div class=\"elementor-element elementor-element-4686dbc e-con-full e-flex e-con e-child\" data-id=\"4686dbc\" data-element_type=\"container\" data-e-type=\"container\">\n\t\t\t\t<div class=\"elementor-element elementor-element-92cb9d9 elementor-widget__width-inherit elementor-widget elementor-widget-image\" data-id=\"92cb9d9\" data-element_type=\"widget\" data-e-type=\"widget\" data-widget_type=\"image.default\">\n\t\t\t\t<div class=\"elementor-widget-container\">\n\t\t\t\t\t\t\t\t\t\t\t\t\t\t\t<img fetchpriority=\"high\" decoding=\"async\" width=\"1024\" height=\"683\" src=\"https:\/\/siteweb.mbmarketing.ca\/champalameule\/wp-content\/uploads\/sites\/80\/2024\/10\/Victor-et-Berthold-1-1-1024x683.jpg\" class=\"attachment-large size-large wp-image-1941\" alt=\"\" srcset=\"https:\/\/siteweb.mbmarketing.ca\/champalameule\/wp-content\/uploads\/sites\/80\/2024\/10\/Victor-et-Berthold-1-1-1024x683.jpg 1024w, https:\/\/siteweb.mbmarketing.ca\/champalameule\/wp-content\/uploads\/sites\/80\/2024\/10\/Victor-et-Berthold-1-1-300x200.jpg 300w, https:\/\/siteweb.mbmarketing.ca\/champalameule\/wp-content\/uploads\/sites\/80\/2024\/10\/Victor-et-Berthold-1-1-768x512.jpg 768w, https:\/\/siteweb.mbmarketing.ca\/champalameule\/wp-content\/uploads\/sites\/80\/2024\/10\/Victor-et-Berthold-1-1-1536x1024.jpg 1536w, https:\/\/siteweb.mbmarketing.ca\/champalameule\/wp-content\/uploads\/sites\/80\/2024\/10\/Victor-et-Berthold-1-1-2048x1365.jpg 2048w, https:\/\/siteweb.mbmarketing.ca\/champalameule\/wp-content\/uploads\/sites\/80\/2024\/10\/Victor-et-Berthold-1-1-600x400.jpg 600w\" sizes=\"(max-width: 1024px) 100vw, 1024px\" \/>\t\t\t\t\t\t\t\t\t\t\t\t\t\t\t<\/div>\n\t\t\t\t<\/div>\n\t\t<div class=\"elementor-element elementor-element-35e3050 e-con-full e-flex e-con e-child\" data-id=\"35e3050\" data-element_type=\"container\" data-e-type=\"container\">\n\t\t\t\t<div class=\"elementor-element elementor-element-74e4a53 elementor-widget elementor-widget-heading\" data-id=\"74e4a53\" data-element_type=\"widget\" data-e-type=\"widget\" data-widget_type=\"heading.default\">\n\t\t\t\t<div class=\"elementor-widget-container\">\n\t\t\t\t\t<h5 class=\"elementor-heading-title elementor-size-default\">Tartiflette de pommes de terre<\/h5>\t\t\t\t<\/div>\n\t\t\t\t<\/div>\n\t\t\t\t<\/div>\n\t\t\t\t<\/div>\n\t\t\t\t\t<\/div>\n\t\t\t\t<\/div>\n\t\t\t\t<\/div>\n\t\t\t\t<div data-elementor-type=\"loop-item\" data-elementor-id=\"2062\" class=\"elementor elementor-2062 e-loop-item e-loop-item-2447 post-2447 recette type-recette status-publish has-post-thumbnail hentry\" data-elementor-post-type=\"elementor_library\" data-custom-edit-handle=\"1\">\n\t\t\t<a class=\"eael-wrapper-link-749c153 --eael-wrapper-link-tag\" href=\"https:\/\/www.goutezlanaudiere.ca\/bison-victor-berthold-et-legumes-sautes-en-sauce\/\" target=\"_blank\" rel=\"noopener\"><\/a><div data-eael-wrapper-link=\"eael-wrapper-link-749c153\" class=\"elementor-element elementor-element-749c153 e-flex e-con-boxed e-con e-parent\" data-id=\"749c153\" data-element_type=\"container\" data-e-type=\"container\">\n\t\t\t\t\t<div class=\"e-con-inner\">\n\t\t<div class=\"elementor-element elementor-element-4686dbc e-con-full e-flex e-con e-child\" data-id=\"4686dbc\" data-element_type=\"container\" data-e-type=\"container\">\n\t\t\t\t<div class=\"elementor-element elementor-element-92cb9d9 elementor-widget__width-inherit elementor-widget elementor-widget-image\" data-id=\"92cb9d9\" data-element_type=\"widget\" data-e-type=\"widget\" data-widget_type=\"image.default\">\n\t\t\t\t<div class=\"elementor-widget-container\">\n\t\t\t\t\t\t\t\t\t\t\t\t\t\t\t<img decoding=\"async\" width=\"750\" height=\"750\" src=\"https:\/\/siteweb.mbmarketing.ca\/champalameule\/wp-content\/uploads\/sites\/80\/2024\/10\/Victor-et-Berthold-Reserve-4.png\" class=\"attachment-large size-large wp-image-1988\" alt=\"\" srcset=\"https:\/\/siteweb.mbmarketing.ca\/champalameule\/wp-content\/uploads\/sites\/80\/2024\/10\/Victor-et-Berthold-Reserve-4.png 750w, https:\/\/siteweb.mbmarketing.ca\/champalameule\/wp-content\/uploads\/sites\/80\/2024\/10\/Victor-et-Berthold-Reserve-4-300x300.png 300w, https:\/\/siteweb.mbmarketing.ca\/champalameule\/wp-content\/uploads\/sites\/80\/2024\/10\/Victor-et-Berthold-Reserve-4-150x150.png 150w, https:\/\/siteweb.mbmarketing.ca\/champalameule\/wp-content\/uploads\/sites\/80\/2024\/10\/Victor-et-Berthold-Reserve-4-600x600.png 600w, https:\/\/siteweb.mbmarketing.ca\/champalameule\/wp-content\/uploads\/sites\/80\/2024\/10\/Victor-et-Berthold-Reserve-4-100x100.png 100w\" sizes=\"(max-width: 750px) 100vw, 750px\" \/>\t\t\t\t\t\t\t\t\t\t\t\t\t\t\t<\/div>\n\t\t\t\t<\/div>\n\t\t<div class=\"elementor-element elementor-element-35e3050 e-con-full e-flex e-con e-child\" data-id=\"35e3050\" data-element_type=\"container\" data-e-type=\"container\">\n\t\t\t\t<div class=\"elementor-element elementor-element-74e4a53 elementor-widget elementor-widget-heading\" data-id=\"74e4a53\" data-element_type=\"widget\" data-e-type=\"widget\" data-widget_type=\"heading.default\">\n\t\t\t\t<div class=\"elementor-widget-container\">\n\t\t\t\t\t<h5 class=\"elementor-heading-title elementor-size-default\">Bison, Victor &amp; Berthold et l\u00e9gumes saut\u00e9s en sauce<\/h5>\t\t\t\t<\/div>\n\t\t\t\t<\/div>\n\t\t\t\t<\/div>\n\t\t\t\t<\/div>\n\t\t\t\t\t<\/div>\n\t\t\t\t<\/div>\n\t\t\t\t<\/div>\n\t\t\t\t<div data-elementor-type=\"loop-item\" data-elementor-id=\"2062\" class=\"elementor elementor-2062 e-loop-item e-loop-item-2446 post-2446 recette type-recette status-publish has-post-thumbnail hentry\" data-elementor-post-type=\"elementor_library\" data-custom-edit-handle=\"1\">\n\t\t\t<a class=\"eael-wrapper-link-749c153 --eael-wrapper-link-tag\" href=\"https:\/\/www.recettes.qc.ca\/recettes\/recette\/carre-de-porc-au-fromage-victor-et-berthold-et-a-l-erable-136868\" target=\"_blank\" rel=\"noopener\"><\/a><div data-eael-wrapper-link=\"eael-wrapper-link-749c153\" class=\"elementor-element elementor-element-749c153 e-flex e-con-boxed e-con e-parent\" data-id=\"749c153\" data-element_type=\"container\" data-e-type=\"container\">\n\t\t\t\t\t<div class=\"e-con-inner\">\n\t\t<div class=\"elementor-element elementor-element-4686dbc e-con-full e-flex e-con e-child\" data-id=\"4686dbc\" data-element_type=\"container\" data-e-type=\"container\">\n\t\t\t\t<div class=\"elementor-element elementor-element-92cb9d9 elementor-widget__width-inherit elementor-widget elementor-widget-image\" data-id=\"92cb9d9\" data-element_type=\"widget\" data-e-type=\"widget\" data-widget_type=\"image.default\">\n\t\t\t\t<div class=\"elementor-widget-container\">\n\t\t\t\t\t\t\t\t\t\t\t\t\t\t\t<img decoding=\"async\" width=\"900\" height=\"900\" src=\"https:\/\/siteweb.mbmarketing.ca\/champalameule\/wp-content\/uploads\/sites\/80\/2024\/10\/1652390905-victor-berthold-pointe-etiquette.png\" class=\"attachment-large size-large wp-image-1661\" alt=\"\" srcset=\"https:\/\/siteweb.mbmarketing.ca\/champalameule\/wp-content\/uploads\/sites\/80\/2024\/10\/1652390905-victor-berthold-pointe-etiquette.png 900w, https:\/\/siteweb.mbmarketing.ca\/champalameule\/wp-content\/uploads\/sites\/80\/2024\/10\/1652390905-victor-berthold-pointe-etiquette-300x300.png 300w, https:\/\/siteweb.mbmarketing.ca\/champalameule\/wp-content\/uploads\/sites\/80\/2024\/10\/1652390905-victor-berthold-pointe-etiquette-150x150.png 150w, https:\/\/siteweb.mbmarketing.ca\/champalameule\/wp-content\/uploads\/sites\/80\/2024\/10\/1652390905-victor-berthold-pointe-etiquette-768x768.png 768w, https:\/\/siteweb.mbmarketing.ca\/champalameule\/wp-content\/uploads\/sites\/80\/2024\/10\/1652390905-victor-berthold-pointe-etiquette-600x600.png 600w, https:\/\/siteweb.mbmarketing.ca\/champalameule\/wp-content\/uploads\/sites\/80\/2024\/10\/1652390905-victor-berthold-pointe-etiquette-100x100.png 100w\" sizes=\"(max-width: 900px) 100vw, 900px\" \/>\t\t\t\t\t\t\t\t\t\t\t\t\t\t\t<\/div>\n\t\t\t\t<\/div>\n\t\t<div class=\"elementor-element elementor-element-35e3050 e-con-full e-flex e-con e-child\" data-id=\"35e3050\" data-element_type=\"container\" data-e-type=\"container\">\n\t\t\t\t<div class=\"elementor-element elementor-element-74e4a53 elementor-widget elementor-widget-heading\" data-id=\"74e4a53\" data-element_type=\"widget\" data-e-type=\"widget\" data-widget_type=\"heading.default\">\n\t\t\t\t<div class=\"elementor-widget-container\">\n\t\t\t\t\t<h5 class=\"elementor-heading-title elementor-size-default\">Carr\u00e9 de porc au fromage Victor et Berthold et \u00e0 l&#8217;\u00e9rable<\/h5>\t\t\t\t<\/div>\n\t\t\t\t<\/div>\n\t\t\t\t<\/div>\n\t\t\t\t<\/div>\n\t\t\t\t\t<\/div>\n\t\t\t\t<\/div>\n\t\t\t\t<\/div>\n\t\t\t\t<div data-elementor-type=\"loop-item\" data-elementor-id=\"2062\" class=\"elementor elementor-2062 e-loop-item e-loop-item-2049 post-2049 recette type-recette status-publish has-post-thumbnail hentry\" data-elementor-post-type=\"elementor_library\" data-custom-edit-handle=\"1\">\n\t\t\t<a class=\"eael-wrapper-link-749c153 --eael-wrapper-link-tag\" href=\"https:\/\/www.recettes.qc.ca\/recettes\/recette\/la-peche-miraculeuse-de-victor-et-berthold-191833\" target=\"_blank\" rel=\"noopener\"><\/a><div data-eael-wrapper-link=\"eael-wrapper-link-749c153\" class=\"elementor-element elementor-element-749c153 e-flex e-con-boxed e-con e-parent\" data-id=\"749c153\" data-element_type=\"container\" data-e-type=\"container\">\n\t\t\t\t\t<div class=\"e-con-inner\">\n\t\t<div class=\"elementor-element elementor-element-4686dbc e-con-full e-flex e-con e-child\" data-id=\"4686dbc\" data-element_type=\"container\" data-e-type=\"container\">\n\t\t\t\t<div class=\"elementor-element elementor-element-92cb9d9 elementor-widget__width-inherit elementor-widget elementor-widget-image\" data-id=\"92cb9d9\" data-element_type=\"widget\" data-e-type=\"widget\" data-widget_type=\"image.default\">\n\t\t\t\t<div class=\"elementor-widget-container\">\n\t\t\t\t\t\t\t\t\t\t\t\t\t\t\t<img loading=\"lazy\" decoding=\"async\" width=\"1024\" height=\"620\" src=\"https:\/\/siteweb.mbmarketing.ca\/champalameule\/wp-content\/uploads\/sites\/80\/2024\/10\/007A3890ret-1-3-1024x620.png\" class=\"attachment-large size-large wp-image-1557\" alt=\"\" srcset=\"https:\/\/siteweb.mbmarketing.ca\/champalameule\/wp-content\/uploads\/sites\/80\/2024\/10\/007A3890ret-1-3-1024x620.png 1024w, https:\/\/siteweb.mbmarketing.ca\/champalameule\/wp-content\/uploads\/sites\/80\/2024\/10\/007A3890ret-1-3-300x182.png 300w, https:\/\/siteweb.mbmarketing.ca\/champalameule\/wp-content\/uploads\/sites\/80\/2024\/10\/007A3890ret-1-3-768x465.png 768w, https:\/\/siteweb.mbmarketing.ca\/champalameule\/wp-content\/uploads\/sites\/80\/2024\/10\/007A3890ret-1-3-1536x930.png 1536w, https:\/\/siteweb.mbmarketing.ca\/champalameule\/wp-content\/uploads\/sites\/80\/2024\/10\/007A3890ret-1-3-2048x1240.png 2048w, https:\/\/siteweb.mbmarketing.ca\/champalameule\/wp-content\/uploads\/sites\/80\/2024\/10\/007A3890ret-1-3-600x363.png 600w\" sizes=\"(max-width: 1024px) 100vw, 1024px\" \/>\t\t\t\t\t\t\t\t\t\t\t\t\t\t\t<\/div>\n\t\t\t\t<\/div>\n\t\t<div class=\"elementor-element elementor-element-35e3050 e-con-full e-flex e-con e-child\" data-id=\"35e3050\" data-element_type=\"container\" data-e-type=\"container\">\n\t\t\t\t<div class=\"elementor-element elementor-element-74e4a53 elementor-widget elementor-widget-heading\" data-id=\"74e4a53\" data-element_type=\"widget\" data-e-type=\"widget\" data-widget_type=\"heading.default\">\n\t\t\t\t<div class=\"elementor-widget-container\">\n\t\t\t\t\t<h5 class=\"elementor-heading-title elementor-size-default\">La p\u00eache miraculeuse de Victor et Berthold<\/h5>\t\t\t\t<\/div>\n\t\t\t\t<\/div>\n\t\t\t\t<\/div>\n\t\t\t\t<\/div>\n\t\t\t\t<div class=\"elementor-element elementor-element-2be1617 elementor-widget elementor-widget-text-editor\" data-id=\"2be1617\" data-element_type=\"widget\" data-e-type=\"widget\" data-widget_type=\"text-editor.default\">\n\t\t\t\t<div class=\"elementor-widget-container\">\n\t\t\t\t\t\t\t\t\tVoici une recette simple et savoureuse mettant en vedette le fromage Victor et Berthold.\t\t\t\t\t\t\t\t<\/div>\n\t\t\t\t<\/div>\n\t\t\t\t\t<\/div>\n\t\t\t\t<\/div>\n\t\t\t\t<\/div>\n\t\t\t\t<\/div>\n\t\t\n\t\t\t\t\t\t<\/div>\n\t\t\t\t<\/div>\n\t\t\t\t\t<\/div>\n\t\t\t\t<\/div>\n\t\t\t\t<\/div>\n\t\t","protected":false},"excerpt":{"rendered":"<p>Notre collection de recettes<\/p>\n","protected":false},"author":1,"featured_media":0,"parent":0,"menu_order":0,"comment_status":"closed","ping_status":"closed","template":"","meta":{"_acf_changed":false,"site-sidebar-layout":"no-sidebar","site-content-layout":"page-builder","ast-site-content-layout":"full-width-container","site-content-style":"default","site-sidebar-style":"default","ast-global-header-display":"","ast-banner-title-visibility":"","ast-main-header-display":"","ast-hfb-above-header-display":"","ast-hfb-below-header-display":"","ast-hfb-mobile-header-display":"","site-post-title":"disabled","ast-breadcrumbs-content":"","ast-featured-img":"disabled","footer-sml-layout":"","ast-disable-related-posts":"","theme-transparent-header-meta":"","adv-header-id-meta":"","stick-header-meta":"","header-above-stick-meta":"","header-main-stick-meta":"","header-below-stick-meta":"","astra-migrate-meta-layouts":"set","ast-page-background-enabled":"default","ast-page-background-meta":{"desktop":{"background-color":"","background-image":"","background-repeat":"repeat","background-position":"center center","background-size":"auto","background-attachment":"scroll","background-type":"","background-media":"","overlay-type":"","overlay-color":"","overlay-opacity":"","overlay-gradient":""},"tablet":{"background-color":"","background-image":"","background-repeat":"repeat","background-position":"center center","background-size":"auto","background-attachment":"scroll","background-type":"","background-media":"","overlay-type":"","overlay-color":"","overlay-opacity":"","overlay-gradient":""},"mobile":{"background-color":"","background-image":"","background-repeat":"repeat","background-position":"center center","background-size":"auto","background-attachment":"scroll","background-type":"","background-media":"","overlay-type":"","overlay-color":"","overlay-opacity":"","overlay-gradient":""}},"ast-content-background-meta":{"desktop":{"background-color":"var(--ast-global-color-5)","background-image":"","background-repeat":"repeat","background-position":"center center","background-size":"auto","background-attachment":"scroll","background-type":"","background-media":"","overlay-type":"","overlay-color":"","overlay-opacity":"","overlay-gradient":""},"tablet":{"background-color":"var(--ast-global-color-5)","background-image":"","background-repeat":"repeat","background-position":"center center","background-size":"auto","background-attachment":"scroll","background-type":"","background-media":"","overlay-type":"","overlay-color":"","overlay-opacity":"","overlay-gradient":""},"mobile":{"background-color":"var(--ast-global-color-5)","background-image":"","background-repeat":"repeat","background-position":"center center","background-size":"auto","background-attachment":"scroll","background-type":"","background-media":"","overlay-type":"","overlay-color":"","overlay-opacity":"","overlay-gradient":""}},"iawp_total_views":259,"footnotes":""},"class_list":["post-1589","page","type-page","status-publish","hentry"],"acf":[],"_links":{"self":[{"href":"https:\/\/siteweb.mbmarketing.ca\/champalameule\/wp-json\/wp\/v2\/pages\/1589","targetHints":{"allow":["GET"]}}],"collection":[{"href":"https:\/\/siteweb.mbmarketing.ca\/champalameule\/wp-json\/wp\/v2\/pages"}],"about":[{"href":"https:\/\/siteweb.mbmarketing.ca\/champalameule\/wp-json\/wp\/v2\/types\/page"}],"author":[{"embeddable":true,"href":"https:\/\/siteweb.mbmarketing.ca\/champalameule\/wp-json\/wp\/v2\/users\/1"}],"replies":[{"embeddable":true,"href":"https:\/\/siteweb.mbmarketing.ca\/champalameule\/wp-json\/wp\/v2\/comments?post=1589"}],"version-history":[{"count":19,"href":"https:\/\/siteweb.mbmarketing.ca\/champalameule\/wp-json\/wp\/v2\/pages\/1589\/revisions"}],"predecessor-version":[{"id":2451,"href":"https:\/\/siteweb.mbmarketing.ca\/champalameule\/wp-json\/wp\/v2\/pages\/1589\/revisions\/2451"}],"wp:attachment":[{"href":"https:\/\/siteweb.mbmarketing.ca\/champalameule\/wp-json\/wp\/v2\/media?parent=1589"}],"curies":[{"name":"wp","href":"https:\/\/api.w.org\/{rel}","templated":true}]}}